{"id":1008,"date":"2021-04-25T14:55:39","date_gmt":"2021-04-25T14:55:39","guid":{"rendered":"https:\/\/h1-medienanalyse.de\/home\/?page_id=1008"},"modified":"2024-02-27T07:34:54","modified_gmt":"2024-02-27T07:34:54","slug":"janine-greyer-stock","status":"publish","type":"page","link":"https:\/\/h1-medienanalyse.de\/home\/ueber-uns\/das-h1-team\/janine-greyer-stock\/","title":{"rendered":"Janine Greyer-Stock"},"content":{"rendered":"\n<div class=\"wp-block-columns is-layout-flex wp-container-core-columns-is-layout-9d6595d7 wp-block-columns-is-layout-flex\">\n<div class=\"wp-block-column is-layout-flow wp-block-column-is-layout-flow\" style=\"flex-basis:100%\">\n<div class=\"wp-block-columns is-layout-flex wp-container-core-columns-is-layout-9d6595d7 wp-block-columns-is-layout-flex\">\n<div class=\"wp-block-column is-layout-flow wp-block-column-is-layout-flow\" style=\"flex-basis:100%\">\n<div class=\"wp-block-columns is-layout-flex wp-container-core-columns-is-layout-9d6595d7 wp-block-columns-is-layout-flex\">\n<div class=\"wp-block-column is-layout-flow wp-block-column-is-layout-flow\" style=\"flex-basis:50%\">\n<figure class=\"wp-block-image size-large is-resized\"><img loading=\"lazy\" decoding=\"async\" src=\"http:\/\/h1-medienanalyse.de\/wp-content\/uploads\/2021\/04\/002_Janine_Greyer-Stock-1024x732.jpg\" alt=\"\" class=\"wp-image-1039\" width=\"392\" height=\"280\" srcset=\"https:\/\/h1-medienanalyse.de\/wp-content\/uploads\/2021\/04\/002_Janine_Greyer-Stock-1024x732.jpg 1024w, https:\/\/h1-medienanalyse.de\/wp-content\/uploads\/2021\/04\/002_Janine_Greyer-Stock-300x214.jpg 300w, https:\/\/h1-medienanalyse.de\/wp-content\/uploads\/2021\/04\/002_Janine_Greyer-Stock-768x549.jpg 768w, https:\/\/h1-medienanalyse.de\/wp-content\/uploads\/2021\/04\/002_Janine_Greyer-Stock-1536x1097.jpg 1536w, https:\/\/h1-medienanalyse.de\/wp-content\/uploads\/2021\/04\/002_Janine_Greyer-Stock-2048x1463.jpg 2048w\" sizes=\"auto, (max-width: 392px) 100vw, 392px\" \/><\/figure>\n<\/div>\n\n\n\n<div class=\"wp-block-column is-layout-flow wp-block-column-is-layout-flow\" style=\"flex-basis:50%\">\n<p>Kontakt: <br><a href=\"mailto:janine.greyer@h1-medienanalyse.de\" target=\"_blank\" rel=\"noreferrer noopener\">janine.greyer@h1-medienanalyse.de<\/a><\/p>\n<\/div>\n<\/div>\n\n\n\n<p>Janine Greyer-Stock ist Gesch\u00e4ftsf\u00fchrerin bei h1.<\/p>\n<p>Seit \u00fcber 15 Jahren hat sie Erfahrung in der kommunikationswissenschaftlichen Sozialforschung in der freien Wirtschaft und zuletzt im universit\u00e4ren Kontext als wissenschaftliche Mitarbeiterin am Institut f\u00fcr Publizistik- und Kommunikationswissenschaft der Freien Universit\u00e4t Berlin.<\/p>\n<p class=\"p1\">Sie forscht vor allem zu Medieninhalten mit einem empirischen Schwerpunkt auf Inhaltsanalysen. Neben der klassischen Fernsehprogrammforschung untersucht sie auch Audio-Inhalte wie Podcasts oder die Boulevardpresse. Inhaltlich fokussiert sich ihre Forschung auf die Themen Medienqualit\u00e4t und Wirtschaftsberichterstattung. In ihrer Dissertation untersucht sie zudem Verantwortungsattributionen in Massenmedien. Neben ihrer universit\u00e4ren Laufbahn war sie als Projektleiterin f\u00fcr verschiedene Forschungsinstitute in der angewandten Forschung t\u00e4tig.\u00a0<\/p>\n<p>Janine Greyer-Stock studierte Publizistik- und Kommunikationswissenschaft und Psychologie im Bachelor sowie Politische Kommunikation im Master an der Freien Universit\u00e4t Berlin und der University of Melbourne in Australien. Zuvor war sie, nach ihrer Ausbildung zur Werbekauffrau, in einer Berliner Werbeagentur als Projektleiterin besch\u00e4ftigt. Seit 2012 pr\u00fcft sie im Pr\u00fcfungsausschuss der IHK Berlin Auszubildende im Ausbildungsberuf Marketingkommunikation.<\/p>\n<p>Publikationsliste zum <a href=\"http:\/\/h1-medienanalyse.de\/wp-content\/uploads\/2024\/02\/Publikationsliste_JGS_2024.pdf\" target=\"_blank\" rel=\"noopener\">Download<\/a><\/p>\n<p>\u00a0<\/p>\n<p>\u00a0<\/p>\n<p>\u00a0<\/p>\n<p>\u00a0<\/p>\n<\/div>\n<\/div>\n<\/div>\n<\/div>\n","protected":false},"excerpt":{"rendered":"<p>Kontakt: janine.greyer@h1-medienanalyse.de Janine Greyer-Stock ist Gesch\u00e4ftsf\u00fchrerin bei h1. Seit \u00fcber 15 Jahren hat sie Erfahrung in der kommunikationswissenschaftlichen Sozialforschung in der freien Wirtschaft und zuletzt im universit\u00e4ren Kontext als wissenschaftliche Mitarbeiterin am Institut f\u00fcr Publizistik- und Kommunikationswissenschaft der Freien Universit\u00e4t Berlin. Sie forscht vor allem zu Medieninhalten mit einem empirischen Schwerpunkt auf Inhaltsanalysen. Neben der&hellip;&nbsp;<a href=\"https:\/\/h1-medienanalyse.de\/home\/ueber-uns\/das-h1-team\/janine-greyer-stock\/\" class=\"\" rel=\"bookmark\">Weiterlesen &raquo;<span class=\"screen-reader-text\">Janine Greyer-Stock<\/span><\/a><\/p>\n","protected":false},"author":1,"featured_media":0,"parent":1087,"menu_order":0,"comment_status":"closed","ping_status":"closed","template":"","meta":{"neve_meta_sidebar":"","neve_meta_container":"","neve_meta_enable_content_width":"","neve_meta_content_width":0,"neve_meta_title_alignment":"","neve_meta_author_avatar":"","neve_post_elements_order":"","neve_meta_disable_header":"","neve_meta_disable_footer":"","neve_meta_disable_title":"","_ti_tpc_template_sync":false,"_ti_tpc_template_id":"","footnotes":""},"class_list":["post-1008","page","type-page","status-publish","hentry"],"_links":{"self":[{"href":"https:\/\/h1-medienanalyse.de\/home\/wp-json\/wp\/v2\/pages\/1008","targetHints":{"allow":["GET"]}}],"collection":[{"href":"https:\/\/h1-medienanalyse.de\/home\/wp-json\/wp\/v2\/pages"}],"about":[{"href":"https:\/\/h1-medienanalyse.de\/home\/wp-json\/wp\/v2\/types\/page"}],"author":[{"embeddable":true,"href":"https:\/\/h1-medienanalyse.de\/home\/wp-json\/wp\/v2\/users\/1"}],"replies":[{"embeddable":true,"href":"https:\/\/h1-medienanalyse.de\/home\/wp-json\/wp\/v2\/comments?post=1008"}],"version-history":[{"count":8,"href":"https:\/\/h1-medienanalyse.de\/home\/wp-json\/wp\/v2\/pages\/1008\/revisions"}],"predecessor-version":[{"id":1189,"href":"https:\/\/h1-medienanalyse.de\/home\/wp-json\/wp\/v2\/pages\/1008\/revisions\/1189"}],"up":[{"embeddable":true,"href":"https:\/\/h1-medienanalyse.de\/home\/wp-json\/wp\/v2\/pages\/1087"}],"wp:attachment":[{"href":"https:\/\/h1-medienanalyse.de\/home\/wp-json\/wp\/v2\/media?parent=1008"}],"curies":[{"name":"wp","href":"https:\/\/api.w.org\/{rel}","templated":true}]}}

<div class="wp-block-columns is-layout-flex wp-container-core-columns-is-layout-9d6595d7 wp-block-columns-is-layout-flex">
<div class="wp-block-column is-layout-flow wp-block-column-is-layout-flow" style="flex-basis:100%">
<div class="wp-block-columns is-layout-flex wp-container-core-columns-is-layout-9d6595d7 wp-block-columns-is-layout-flex">
<div class="wp-block-column is-layout-flow wp-block-column-is-layout-flow" style="flex-basis:100%">
<div class="wp-block-columns is-layout-flex wp-container-core-columns-is-layout-9d6595d7 wp-block-columns-is-layout-flex">
<div class="wp-block-column is-layout-flow wp-block-column-is-layout-flow" style="flex-basis:50%">
<figure class="wp-block-image size-large is-resized"><img loading="lazy" decoding="async" src="http://h1-medienanalyse.de/wp-content/uploads/2021/04/002_Janine_Greyer-Stock-1024x732.jpg" alt="" class="wp-image-1039" width="392" height="280" srcset="https://h1-medienanalyse.de/wp-content/uploads/2021/04/002_Janine_Greyer-Stock-1024x732.jpg 1024w, https://h1-medienanalyse.de/wp-content/uploads/2021/04/002_Janine_Greyer-Stock-300x214.jpg 300w, https://h1-medienanalyse.de/wp-content/uploads/2021/04/002_Janine_Greyer-Stock-768x549.jpg 768w, https://h1-medienanalyse.de/wp-content/uploads/2021/04/002_Janine_Greyer-Stock-1536x1097.jpg 1536w, https://h1-medienanalyse.de/wp-content/uploads/2021/04/002_Janine_Greyer-Stock-2048x1463.jpg 2048w" sizes="auto, (max-width: 392px) 100vw, 392px" /></figure>
</div>



<div class="wp-block-column is-layout-flow wp-block-column-is-layout-flow" style="flex-basis:50%">
<p>Kontakt: <br><a href="mailto:janine.greyer@h1-medienanalyse.de" target="_blank" rel="noreferrer noopener">janine.greyer@h1-medienanalyse.de</a></p>
</div>
</div>



<p>Janine Greyer-Stock ist Geschäftsführerin bei h1.</p>
<p>Seit über 15 Jahren hat sie Erfahrung in der kommunikationswissenschaftlichen Sozialforschung in der freien Wirtschaft und zuletzt im universitären Kontext als wissenschaftliche Mitarbeiterin am Institut für Publizistik- und Kommunikationswissenschaft der Freien Universität Berlin.</p>
<p class="p1">Sie forscht vor allem zu Medieninhalten mit einem empirischen Schwerpunkt auf Inhaltsanalysen. Neben der klassischen Fernsehprogrammforschung untersucht sie auch Audio-Inhalte wie Podcasts oder die Boulevardpresse. Inhaltlich fokussiert sich ihre Forschung auf die Themen Medienqualität und Wirtschaftsberichterstattung. In ihrer Dissertation untersucht sie zudem Verantwortungsattributionen in Massenmedien. Neben ihrer universitären Laufbahn war sie als Projektleiterin für verschiedene Forschungsinstitute in der angewandten Forschung tätig. </p>
<p>Janine Greyer-Stock studierte Publizistik- und Kommunikationswissenschaft und Psychologie im Bachelor sowie Politische Kommunikation im Master an der Freien Universität Berlin und der University of Melbourne in Australien. Zuvor war sie, nach ihrer Ausbildung zur Werbekauffrau, in einer Berliner Werbeagentur als Projektleiterin beschäftigt. Seit 2012 prüft sie im Prüfungsausschuss der IHK Berlin Auszubildende im Ausbildungsberuf Marketingkommunikation.</p>
<p>Publikationsliste zum <a href="http://h1-medienanalyse.de/wp-content/uploads/2024/02/Publikationsliste_JGS_2024.pdf" target="_blank" rel="noopener">Download</a></p>
<p> </p>
<p> </p>
<p> </p>
<p> </p>
</div>
</div>
</div>
</div>

<p>Kontakt: janine.greyer@h1-medienanalyse.de Janine Greyer-Stock ist Geschäftsführerin bei h1. Seit über 15 Jahren hat sie Erfahrung in der kommunikationswissenschaftlichen Sozialforschung in der freien Wirtschaft und zuletzt im universitären Kontext als wissenschaftliche Mitarbeiterin am Institut für Publizistik- und Kommunikationswissenschaft der Freien Universität Berlin. Sie forscht vor allem zu Medieninhalten mit einem empirischen Schwerpunkt auf Inhaltsanalysen. Neben der&hellip;&nbsp;<a href="https://h1-medienanalyse.de/home/ueber-uns/das-h1-team/janine-greyer-stock/" class="" rel="bookmark">Weiterlesen &raquo;<span class="screen-reader-text">Janine Greyer-Stock</span></a></p>
